ided by q.
11
Let g be 8*(1/(-2))/(-1). Suppose 3*y + g = 4*y + 3*x, -16 = 4*x. Suppose -5*j = c - 6, c - 6 = -j - 0. Calculate the remainder when y is divided by c.
4
Suppose 0 = -3*x - 0*x + 4*g + 7, -x + 7 = g. Calculate the remainder when 29 is divided by x.
4
Let q = 66 + 51. Calculate the remainder when q is divided by 12.
9
Let x(z) = z**2 + 15*z - 19. What is the remainder when 42 is divided by x(-17)?
12
Calculate the remainder when 58 is divided by 12*(-3)/36*-21.
16
Calculate the remainder when 8 is divided by (0 - 4 - -3)*-3.
2
Suppose -34 = 5*s + g, -8 = 2*s + 4*g + 20. Let m = s + 22. Let o = 9 - 3. What is the remainder when m is divided by o?
4
Calculate the remainder when 125 is divided by (-3 - (-1)/1) + 1 + 33.
29
Suppose 4*g + 0*n + n + 93 = 0, -4*n - 20 = 0. Suppose -u + 57 = 4*h, 2*u + u + h - 116 = 0. Let p = g + u. Calculate the remainder when 43 is divided by p.
13
Let u = -4 - 1. Let r(q) = q**2 + 3*q + 3. Calculate the remainder when 50 is divided by r(u).
11
Let p be 28/6 - (-2)/6. Suppose 5*v + 28 = -4*c + 158, -95 = -3*c - p*v. What is the remainder when c is divided by 12?
11
Let j = -2 - -7. What is the remainder when 13 is divided by j?
3
Let m(l) = l**2 + 27. Let x be 0/((-1)/(3 + -2)). Calculate the remainder when 106 is divided by m(x).
25
Let g be (-1 + 1)/(-3) - -5. Suppose 2*j = 1 + g. Suppose -z = o + j*z - 2, 0 = 4*o - 3*z - 84. Calculate the remainder when o is divided by 10.
8
Suppose 6*h - h = 0, 3*k + 3*h - 51 = 0. What is the remainder when 150 is divided by k?
14
Suppose 10 = x + 1. What is the remainder when 16 is divided by x?
7
Suppose a = -c + 6*a + 16, 3*a = -3*c + 48. Calculate the remainder when 29 is divided by c.
13
Suppose -6*c + k = -c - 54, -k - 43 = -4*c. What is the remainder when c is divided by 6?
5
Let y(j) = 4*j**3 + 2*j**2 - 3*j - 2. Let f be y(-2). Let s be (-1 + 3)*(-29)/2. Let p = f - s. Calculate the remainder when p is divided by 5.
4
Suppose 0 = -5*o + 1660 - 530. What is the remainder when o is divided by 38?
36
Let d(n) = -n**3 - 7*n**2 - 8*n - 6. What is the remainder when 16 is divided by d(-6)?
4
Suppose -m = 1 - 2. Let u = m - -9. Calculate the remainder when 18 is divided by u.
8
Let p = 45 + -26. Let h = p - 9. What is the remainder when 19 is divided by h?
9
What is the remainder when ((-2965)/(-7))/5 + (-4)/(-14) is divided by 29?
27
Suppose 4*l + 2*n + 0 = 238, -3*l + n + 191 = 0. Calculate the remainder when l is divided by 16.
14
Suppose -4*p - 13 = -m, -p = -1 + 4. Calculate the remainder when 3 is divided by m.
0
Calculate the remainder when (72 - (2 - 4)) + 5 is divided by 40.
39
Let a = 28 + 87. Calculate the remainder when a is divided by 9.
7
Let f = -6 + 6. Suppose f = p + 4*p - 35. Calculate the remainder when 2 is divided by (4/p)/(14/49).
0
What is the remainder when (27/2)/((-29)/(-58)) is divided by 15?
12
Calculate the remainder when (-3)/6 + (-7)/((-28)/102) is divided by 9.
7
Calculate the remainder when 25 is divided by (-5)/(20/12) + 16.
12
What is the remainder when 72 is divided by 173/7 - 14/(-49)?
22
Suppose 3*s = q + 60, s + 100 = 6*s + 3*q. What is the remainder when s is divided by 12?
8
Let a = 246 - 205. Calculate the remainder when 203 is divided by a.
39
Let q = -2 + 5. Suppose -2*c = -q*l + 62, -2*c - 36 = -2*l + 2*c. Calculate the remainder when 2*1/(4/l) is divided by 4.
3
Let f(d) = 9*d - 2. What is the remainder when 20 is divided by f(1)?
6
Suppose -10 = -5*w + 2*d, -3*d - 2*d + 29 = w. Suppose -188 = -w*f - 40. Calculate the remainder when f is divided by (1 + -20)/(0 - 1).
18
Let q(y) = y**3 - 12*y**2 + 2*y - 13. Let j(s) = -s**2 + 12*s - 3. Let w(u) = u**2 + 1. Let c be w(-2). Calculate the remainder when j(c) is divided by q(12).
10
Suppose z - 37 = -w - 0*w, 3*z = -4*w + 151. What is the remainder when 78 is divided by w?
38
Suppose 5*x - 472 = -2*y, 7*x = 4*x + 3*y + 300. Calculate the remainder when x is divided by 14.
12
Let y(x) = -x**3 - x + 5. What is the remainder when 13 is divided by y(0)?
3
Suppose -10*f - 2 = -22. What is the remainder when f is divided by -2 - (2 - 6/1)?
0
Suppose 5*u = 8*u - 90. Calculate the remainder when 113 is divided by u.
23
Suppose -w - 2*j = 0, 4*w + 2*j = w + 20. Calculate the remainder when 37 is divided by w.
7
Let a(k) be the second derivative of 1/2*k**2 + 0 - 2*k - 1/3*k**3. Calculate the remainder when 12 is divided by a(-3).
5
What is the remainder when 48 is divided by (2/12*-2)/((-12)/900)?
23
Suppose -6*u + 3*u = 2*b - 220, 2*u - 561 = -5*b. Calculate the remainder when b is divided by 23.
21
Let n(d) = 22*d**2 + d + 1. Let q be n(-2). Suppose 0 = -5*m + 158 + q. What is the remainder when m is divided by 17?
15
Let g be 2/(-3)*(-81)/18. Suppose -g*s = -1 - 11. Suppose 5*b + 2*l - 3*l = 51, -l = 5*b - 49. What is the remainder when b is divided by s?
2
Let b(n) = n**3 - 3*n**2 - 4*n + 1. What is the remainder when b(5) is divided by 9?
4
Let p = 15 + -5. Suppose -36*j + 613 = -71. Calculate the remainder when j is divided by p.
9
Suppose 705 - 507 = 3*r. Let m = -3 + 20. What is the remainder when r is divided by m?
15
Suppose 15 = -4*s - 13. Let m(u) = -3*u - 9. Suppose -d + 115 = 4*d. What is the remainder when d is divided by m(s)?
11
Let p(d) = -6*d**2 - 11*d - 6. Let h = -2 - -6. Let s(t) = 5*t**2 + 10*t + 6. Let q(j) = h*p(j) + 5*s(j). What is the remainder when 10 is divided by q(-6)?
4
Suppose -112 = -b + 5*l, 4*b - 58 = 2*l + 426. Calculate the remainder when b is divided by 25.
22
Suppose -16*o = -11*o - 250. Let x = -5 + 18. What is the remainder when o is divided by x?
11
Let s(f) = -f**3 + 5*f**2 + 6*f + 2. What is the remainder when s(5) is divided by 11?
10
Let q(r) = -r**2 - 10*r - 9. Calculate the remainder when 89 is divided by q(-6).
14
Let a = 144 - 123. Calculate the remainder when 36 is divided by a.
15
Let k(s) = s**3 + 7*s**2 - s - 2. What is the remainder when k(-6) is divided by 15?
10
Suppose 3*b = 15 - 3. Suppose 5*j - b*l = 26, 0 = 4*j - 2*l - l - 20. Suppose 0 = -j*r + 3*r - 31. What is the remainder when r is divided by 16?
15
Suppose 4*j - 17 = 7. Calculate the remainder when 47 is divided by j.
5
Let h = -57 - -66. What is the remainder when 42 is divided by h?
6
Let f = -11 - -1. Let s be (-572)/f + 2/(-10). Suppose -s = -2*k - 21. Calculate the remainder when k is divided by 10.
8
Suppose 0 = 3*c - 3*v - 15, 4*v + 8 = -c - c. Suppose c*o - 2*x - 58 = -2*o, -3*o - x + 41 = 0. Calculate the remainder when o is divided by 8.
6
Suppose 4*d - 456 = 88. What is the remainder when d is divided by 46?
44
Let z(r) = -22*r - 14. Calculate the remainder when z(-6) is divided by 41.
36
Let c(y) = -y**3 + 7*y**2 + 9*y + 7. Let u be (-1)/(-2*3/48). Calculate the remainder when c(u) is divided by 8.
7
Let q = -8 - -11. Suppose -q*o = -5*i - 0*i - 33, 2*o + i = 22. What is the remainder when o is divided by 4?
3
Suppose 0 = 5*x - 25, 4*w - 2*x - 59 = -21. What is the remainder when w is divided by 5?
2
Let j = -104 - -174. What is the remainder when j is divided by 18?
16
Suppose 0 = 3*f + f + 8. Calculate the remainder when (f - -5) + 3*7 is divided by 13.
11
Let s(z) be the third derivative of -z**4/24 - 5*z**3/6 + 2*z**2. What is the remainder when s(-7) is divided by 1?
0
Let x be 0/(-2) + 0 - -34. Let n = x - 24. Let a = n + 8. Calculate the remainder when a is divided by 10.
8
Let y = -9 - -15. Calculate the remainder when y is divided by 2.
0
Let h = -8 + 26. Let f = h + -7. Calculate the remainder when f is divided by 6.
5
Suppose 3*m + 39 = 4*h + 2*m, -5*h = 5*m - 30. Let f = 2 + 1. Suppose -f*z + 11 = -4. What is the remainder when h is divided by z?
4
Let j be 4/4*(-1 - -4). Suppose r = -j*d + 2, -5*d - 20 + 6 = 3*r. Let f = -3 - r. Calculate the remainder when 18 is divided by f.
8
Suppose 5*x + 3*i - 44 = 0, -4*i - 19 = -x - 8*i. Suppose 3*n = x + 2. Suppose 2*f + 5 = n*f. What is the remainder when 13 is divided by f?
3
Let u = 241 - 63. What is the remainder when u is divided by 18?
16
Let g = 47 - 32. Suppose 5 = 4*l - g. What is the remainder when 8 is divided by l?
3
Suppose -s - 26 = 6. Let q be s/5 + 4/10. What is the remainder when 26 is divided by (42/9)/((-2)/q)?
12
Let g(r) = 3*r**2 + 4. Let w(f) = f**3 - 4*f**2 - 3*f + 1. Let